, 83
What are the prime factors of 196?
2, 7
What are the prime factors of 3094?
2, 7, 13, 17
List the prime factors of 23905.
5, 7, 683
List the prime factors of 746.
2, 373
What are the prime factors of 14933?
109, 137
List the prime factors of 1213.
1213
List the prime factors of 4256.
2, 7, 19
List the prime factors of 5908.
2, 7, 211
What are the prime factors of 939?
3, 313
List the prime factors of 15828.
2, 3, 1319
List the prime factors of 72567.
3, 11, 733
List the prime factors of 103793.
271, 383
List the prime factors of 362.
2, 181
What are the prime factors of 9118?
2, 47, 97
List the prime factors of 75998.
2, 13, 37, 79
What are the prime factors of 1341?
3, 149
List the prime factors of 3830.
2, 5, 383
What are the prime factors of 1771?
7, 11, 23
What are the prime factors of 294?
2, 3, 7
List the prime factors of 404.
2, 101
What are the prime factors of 7866?
2, 3, 19, 23
List the prime factors of 967.
967
List the prime factors of 14349.
3, 4783
What are the prime factors of 3497?
13, 269
List the prime factors of 6193.
11, 563
What are the prime factors of 20377?
7, 41, 71
What are the prime factors of 15884?
2, 11, 19
List the prime factors of 3807.
3, 47
What are the prime factors of 23056?
2, 11, 131
List the prime factors of 2571.
3, 857
List the prime factors of 3085.
5, 617
What are the prime factors of 8480?
2, 5, 53
List the prime factors of 1447.
1447
List the prime factors of 1950.
2, 3, 5, 13
What are the prime factors of 11870?
2, 5, 1187
List the prime factors of 18593.
18593
What are the prime factors of 343?
7
What are the prime factors of 4506?
2, 3, 751
List the prime factors of 42431.
151, 281
List the prime factors of 22784.
2, 89
What are the prime factors of 13253?
29, 457
List the prime factors of 7723.
7723
List the prime factors of 4059.
3, 11, 41
What are the prime factors of 15269?
15269
What are the prime factors of 183?
3, 61
What are the prime factors of 4085?
5, 19, 43
List the prime factors of 303.
3, 101
What are the prime factors of 11982?
2, 3, 1997
List the prime factors of 5041.
71
What are the prime factors of 135571?
135571
What are the prime factors of 167340?
2, 3, 5, 2789
What are the prime factors of 16149?
3, 7, 769
List the prime factors of 1713.
3, 571
List the prime factors of 66.
2, 3, 11
List the prime factors of 12187.
7, 1741
List the prime factors of 2763.
3, 307
List the prime factors of 36306.
2, 3, 2017
List the prime factors of 71754.
2, 3, 11959
What are the prime factors of 58743?
3, 61, 107
List the prime factors of 107709.
3, 7, 23, 223
List the prime factors of 411.
3, 137
List the prime factors of 477.
3, 53
What are the prime factors of 134380?
2, 5, 6719
What are the prime factors of 74354?
2, 7, 47, 113
What are the prime factors of 28153?
47, 599
List the prime factors of 691.
691
List the prime factors of 5367.
3, 1789
What are the prime factors of 17827?
17827
List the prime factors of 5696.
2, 89
List the prime factors of 28230.
2, 3, 5, 941
List the prime factors of 29770.
2, 5, 13, 229
What are the prime factors of 96?
2, 3
What are the prime factors of 4048?
2, 11, 23
What are the prime factors of 252?
2, 3, 7
What are the prime factors of 2525?
5, 101
List the prime factors of 54502.
2, 7, 17, 229
List the prime factors of 1892.
2, 11, 43
What are the prime factors of 77?
7, 11
What are the prime factors of 18597?
3, 6199
List the prime factors of 111691.
61, 1831
What are the prime factors of 1309?
7, 11, 17
What are the prime factors of 2614?
2, 1307
List the prime factors of 383.
383
What are the prime factors of 22370?
2, 5, 2237
List the prime factors of 4446.
2, 3, 13, 19
List the prime factors of 678.
2, 3, 113
List the prime factors of 820.
2, 5, 41
What are the prime factors of 47406?
2, 3, 7901
List the prime factors of 6519.
3, 41, 53
What are the prime factors of 38383?
131, 293
List the prime factors of 3300.
2, 3, 5, 11
What are the prime factors of 35811?
3, 23, 173
List the prime factors of 23237.
19, 1223
List the prime factors of 848.
2, 53
List the prime factors of 16808.
2, 11, 191
What are the prime factors of 25285?
5, 13, 389
List the prime factors of 25509.
3, 11, 773
What are the prime factors of 52764?
2, 3, 4397
List the prime factors of 3521.
7, 503
What are the prime factors of 29101?
29101
What are the prime factors of 5073?
3, 19, 89
What are the prime factors of 43776?
2, 3, 19
List the prime factors of 21708.
2, 3, 67
What are the prime factors of 4544?
2, 71
List the prime factors of 12072.
2, 3, 503
List the prime factors of 2216.
2, 277
List the prime factors of 51385.
5, 43, 239
List the prime factors of 4329.
3, 13, 37
List the prime factors of 3381.
3, 7, 23
List the prime factors of 5853.
3, 1951
What are the prime factors of 1700?
2, 5, 17
What are the prime factors of 15062?
2, 17, 443
List the prime factors of 36033.
3, 12011
What are the prime factors of 1747?
1747
List the prime factors of 15377.
15377
What are the prime factors of 74040?
2, 3, 5, 617
List the prime factors of 30665.
5, 6133
List the prime factors of 2209.
47
What are the prime factors of 26527?
41, 647
What are the prime factors of 184981?
113, 1637
What are the prime factors of 355?
5, 71
What are the prime factors of 9319?
9319
What are the prime factors of 3787?
7, 541
What are the prime factors of 9983?
67, 149
What are the prime factors of 217?
7, 31
List the prime factors of 519.
3, 173
What are the prime factors of 4983?
3, 11, 151
What are the prime factors of 9060?
2, 3, 5, 151
What are the prime factors of 3996?
2, 3, 37
What are the prime factors of 11125?
5, 89
List the prime factors of 3237.
3, 13, 83
List the prime factors of 4630.
2, 5, 463
What are the prime factors of 3141?
3, 349
What are the prime factors of 1218?
2, 3, 7, 29
What are the prime factors of 5256?
2, 3, 73
What are the prime factors of 56413?
7, 8059
What are the prime factors of 516?
2, 3, 43
List the prime factors of 7735.
5, 7, 13, 17
List the prime factors of 2174.
2, 1087
What are the prime factors of 10790?
2, 5, 13, 83
What are the prime factors of 25857?
3, 13, 17
What are the prime factors of 6586?
2, 37, 89
List the prime factors of 10201.
101
What are the prime factors of 1734?
2, 3, 17
What are the prime factors of 861?
3, 7, 41
What are the prime factors of 15913?
15913
List the prime factors of 1861.
1861
What are the prime factors of 2559?
3, 853
List the prime factors of 52487.
73, 719
List the prime factors of 70.
2, 5, 7
What are the prime factors of 14695?
5, 2939
What are the prime factors of 18953?
11, 1723
List the prime factors of 382.
2, 191
What are the prime factors of 54?
2, 3
What are the prime factors of 3286?
2, 31, 53
List the prime factors of 17806.
2, 29, 307
List the prime factors of 20188.
2, 7, 103
What are the prime factors of 567?
3, 7
What are the prime factors of 838?
2, 419
List the prime factors of 3019.
3019
List the prime factors of 22295.
5, 7, 13
List the prime factors of 178342.
2, 23, 3877
List the prime factors of 458.
2, 229
List the prime factors of 435.
3, 5, 29
What are the prime factors of 253?
11, 23
What are the prime factors of 611?
13, 47
What are the prime factors of 11893?
7, 1699
List the prime factors of 1447.
1447
What are the prime factors of 9764?
2, 2441
What are the prime factors of 22119?
3, 73, 101
List the prime factors of 1055.
5, 211
What are the prime factors of 12843?
3, 1427
List the prime factors of 3566.
2, 1783
List the prime factors of 69914.
2, 13, 2689
List the prime factors of 1292.
2, 17, 19
List the prime factors of 8065.
5, 1613
List the prime factors of 2157.
3, 719
What are the prime factors of 15757?
7, 2251
List the prime factors of 1366.
2, 683
List the prime factors of 7319.
13, 563
List the prime factors of 8802.
2, 3, 163
What are the prime factors of 9322?
2, 59, 79
List the prime factors of 1137.
3, 379
What are the prime factors of 19604?
2, 13, 29
What are the prime factors of 2585?
5, 11, 47
List the prime factors of 17502.
2, 3, 2917
What are the prime factors of 11570?
2, 5, 13, 89
What are the prime factors of 4083?
3, 1361
List the prime factors of 50103.
3, 19, 293
What are the prime factors of 4827?
3, 1609
What are the prime factors of 782?
2, 17, 